{"id":544,"date":"2025-08-06T08:51:16","date_gmt":"2025-08-06T05:51:16","guid":{"rendered":"https:\/\/ucuzspotcu.com\/cikma\/?post_type=product&#038;p=544"},"modified":"2025-08-06T08:51:36","modified_gmt":"2025-08-06T05:51:36","slug":"iyi-durumda-oda-kapilari-ve-celik-kapilar-amerikan-kapi-fiyatlarini-incelemek-ve-7-aya-varan","status":"publish","type":"product","link":"https:\/\/ucuzspotcu.com\/cikma\/urun\/iyi-durumda-oda-kapilari-ve-celik-kapilar-amerikan-kapi-fiyatlarini-incelemek-ve-7-aya-varan\/","title":{"rendered":"iyi durumda oda kap\u0131lar\u0131 ve \u00e7elik kap\u0131lar Amerikan kap\u0131 fiyatlar\u0131n\u0131 incelemek ve 7 aya varan"},"content":{"rendered":"<p><img loading=\"lazy\" decoding=\"async\" src=\"https:\/\/ucuzspotcu.com\/cikma\/wp-content\/uploads\/2025\/08\/iyi-durumda-oda-kapilari-1.png\" alt=\"\" width=\"920\" height=\"630\" class=\"aligncenter size-full wp-image-547\" title=\"\" srcset=\"https:\/\/ucuzspotcu.com\/cikma\/wp-content\/uploads\/2025\/08\/iyi-durumda-oda-kapilari-1.png 920w, https:\/\/ucuzspotcu.com\/cikma\/wp-content\/uploads\/2025\/08\/iyi-durumda-oda-kapilari-1-300x205.png 300w, https:\/\/ucuzspotcu.com\/cikma\/wp-content\/uploads\/2025\/08\/iyi-durumda-oda-kapilari-1-768x526.png 768w, https:\/\/ucuzspotcu.com\/cikma\/wp-content\/uploads\/2025\/08\/iyi-durumda-oda-kapilari-1-600x411.png 600w\" sizes=\"auto, (max-width: 920px) 100vw, 920px\" \/><\/p>\n<p><img loading=\"lazy\" decoding=\"async\" src=\"https:\/\/ucuzspotcu.com\/cikma\/wp-content\/uploads\/2025\/08\/iyi-durumda-oda-kapilari-3.png\" alt=\"\" width=\"872\" height=\"628\" class=\"aligncenter size-full wp-image-546\" title=\"\" srcset=\"https:\/\/ucuzspotcu.com\/cikma\/wp-content\/uploads\/2025\/08\/iyi-durumda-oda-kapilari-3.png 872w, https:\/\/ucuzspotcu.com\/cikma\/wp-content\/uploads\/2025\/08\/iyi-durumda-oda-kapilari-3-300x216.png 300w, https:\/\/ucuzspotcu.com\/cikma\/wp-content\/uploads\/2025\/08\/iyi-durumda-oda-kapilari-3-768x553.png 768w, https:\/\/ucuzspotcu.com\/cikma\/wp-content\/uploads\/2025\/08\/iyi-durumda-oda-kapilari-3-600x432.png 600w\" sizes=\"auto, (max-width: 872px) 100vw, 872px\" \/><\/p>\n<p><img loading=\"lazy\" decoding=\"async\" src=\"https:\/\/ucuzspotcu.com\/cikma\/wp-content\/uploads\/2025\/08\/iyi-durumda-oda-kapilari-2.png\" alt=\"\" width=\"1039\" height=\"629\" class=\"aligncenter size-full wp-image-545\" title=\"\" srcset=\"https:\/\/ucuzspotcu.com\/cikma\/wp-content\/uploads\/2025\/08\/iyi-durumda-oda-kapilari-2.png 1039w, https:\/\/ucuzspotcu.com\/cikma\/wp-content\/uploads\/2025\/08\/iyi-durumda-oda-kapilari-2-300x182.png 300w, https:\/\/ucuzspotcu.com\/cikma\/wp-content\/uploads\/2025\/08\/iyi-durumda-oda-kapilari-2-1024x620.png 1024w, https:\/\/ucuzspotcu.com\/cikma\/wp-content\/uploads\/2025\/08\/iyi-durumda-oda-kapilari-2-768x465.png 768w, https:\/\/ucuzspotcu.com\/cikma\/wp-content\/uploads\/2025\/08\/iyi-durumda-oda-kapilari-2-600x363.png 600w\" sizes=\"auto, (max-width: 1039px) 100vw, 1039px\" \/><\/p>\n","protected":false},"excerpt":{"rendered":"<p>iyi durumda oda kap\u0131lar\u0131 En iyi oda kap\u0131lar\u0131 hangisi? Amerika kap\u0131 1500 TL kap\u0131 kasa pervaz melamin kap\u0131 2700 TL yer Samsun \u00c7ar\u015famba lake kap\u0131 vard\u0131<br \/>\nAmerikan kap\u0131 al\u0131rken nelere dikkat etmeli? Y\u0131k\u0131lacak olan binalar\u0131n\u0131zda bulunan ikinci el Amerikan kap\u0131lar\u0131n\u0131z\u0131 de\u011ferlendirmek istiyorsan\u0131z bizlere<br \/>\n\u00c7elik kap\u0131n\u0131n iyisi nas\u0131l anla\u015f\u0131l\u0131r?<br \/>\nHangi \u00e7elik kap\u0131 daha g\u00fcvenli?<\/p>\n","protected":false},"featured_media":546,"template":"","meta":[],"product_brand":[],"product_cat":[32],"product_tag":[],"class_list":{"0":"post-544","1":"product","2":"type-product","3":"status-publish","4":"has-post-thumbnail","6":"product_cat-ikinci-el-mobilya","8":"first","9":"instock","10":"sale","11":"shipping-taxable","12":"purchasable","13":"product-type-simple"},"_links":{"self":[{"href":"https:\/\/ucuzspotcu.com\/cikma\/wp-json\/wp\/v2\/product\/544","targetHints":{"allow":["GET"]}}],"collection":[{"href":"https:\/\/ucuzspotcu.com\/cikma\/wp-json\/wp\/v2\/product"}],"about":[{"href":"https:\/\/ucuzspotcu.com\/cikma\/wp-json\/wp\/v2\/types\/product"}],"wp:featuredmedia":[{"embeddable":true,"href":"https:\/\/ucuzspotcu.com\/cikma\/wp-json\/wp\/v2\/media\/546"}],"wp:attachment":[{"href":"https:\/\/ucuzspotcu.com\/cikma\/wp-json\/wp\/v2\/media?parent=544"}],"wp:term":[{"taxonomy":"product_brand","embeddable":true,"href":"https:\/\/ucuzspotcu.com\/cikma\/wp-json\/wp\/v2\/product_brand?post=544"},{"taxonomy":"product_cat","embeddable":true,"href":"https:\/\/ucuzspotcu.com\/cikma\/wp-json\/wp\/v2\/product_cat?post=544"},{"taxonomy":"product_tag","embeddable":true,"href":"https:\/\/ucuzspotcu.com\/cikma\/wp-json\/wp\/v2\/product_tag?post=544"}],"curies":[{"name":"wp","href":"https:\/\/api.w.org\/{rel}","templated":true}]}}