{"id":521,"date":"2024-10-15T09:02:47","date_gmt":"2024-10-15T06:02:47","guid":{"rendered":"https:\/\/ucuzspotcu.com\/cikma\/?post_type=product&#038;p=521"},"modified":"2024-10-15T09:02:47","modified_gmt":"2024-10-15T06:02:47","slug":"ikinci-el-buyuk-su-pompasi-urun-hic-kullanilmamis-santrifuj-pompa","status":"publish","type":"product","link":"https:\/\/ucuzspotcu.com\/cikma\/urun\/ikinci-el-buyuk-su-pompasi-urun-hic-kullanilmamis-santrifuj-pompa\/","title":{"rendered":"ikinci el b\u00fcy\u00fck su pompas\u0131 \u00dcr\u00fcn Hi\u00e7 Kullan\u0131lmam\u0131\u015f santrif\u00fcj pompa"},"content":{"rendered":"<p><img loading=\"lazy\" decoding=\"async\" src=\"https:\/\/ucuzspotcu.com\/cikma\/wp-content\/uploads\/2024\/10\/ikinci-el-buyuk-su-pompasi-2.png\" alt=\"\" width=\"688\" height=\"628\" class=\"aligncenter size-full wp-image-523\" title=\"\" srcset=\"https:\/\/ucuzspotcu.com\/cikma\/wp-content\/uploads\/2024\/10\/ikinci-el-buyuk-su-pompasi-2.png 688w, https:\/\/ucuzspotcu.com\/cikma\/wp-content\/uploads\/2024\/10\/ikinci-el-buyuk-su-pompasi-2-300x274.png 300w, https:\/\/ucuzspotcu.com\/cikma\/wp-content\/uploads\/2024\/10\/ikinci-el-buyuk-su-pompasi-2-600x548.png 600w\" sizes=\"auto, (max-width: 688px) 100vw, 688px\" \/><\/p>\n","protected":false},"excerpt":{"rendered":"<p>ikinci el b\u00fcy\u00fck su pompas\u0131 Sulama ikinci el Su Pompas\u0131 &amp; Motoru ; \u0130kinci El Su Pompas\u0131 Fiyatlar\u0131 i\u00e7in Paket Hidrofor Otomatik Sistem Su Pompas\u0131 5 Y\u0131l Garantili Qb60 Ve Hidrofor 2 Numaradan Ula\u015fabilirsiniz. \u00dcr\u00fcn Hi\u00e7 Kullan\u0131lmam\u0131\u015f santrif\u00fcj pompa. 60.000 TL. Mersin, Akdeniz ; 2 \u0130N\u00c7 EKLER. ba\u015flayan f\u0131rsatlar\u0131 de\u011ferlendir, en iyi su motoru indirimlerini ka\u00e7\u0131rma! SU POMPASI. 15.500 TL. Manisa, Salihli ; SU MOTORU VE F\u0130L\u0130TRE. 11.000 TL<\/p>\n<p><strong>12 volt su pompas\u0131 ka\u00e7 metreye su basar?<\/strong><br \/>\n12V DC Su Pompas\u0131 600Litre\/Saat 5m Su \u0130tme G\u00fcc\u00fc<br \/>\n12V DC gerilim ile \u00e7al\u0131\u015f\u0131r. 5 metre y\u00fcksekli\u011fe kadar su aktar\u0131m\u0131 yapabilir.<\/p>\n<p><strong><a href=\"https:\/\/www.google.com\/search?q=Su+pompas%C4%B1+en+fazla+ka%C3%A7+metreden+su+%C3%A7eker%3F&amp;rlz=1C1CHZN_trTR1057TR1057&amp;oq=Su+pompas%C4%B1+en+fazla+ka%C3%A7+metreden+su+%C3%A7eker%3F&amp;gs_lcrp=EgZjaHJvbWUyBggAEEUYOTIICAEQABgWGB4yCAgCEAAYFhgeMgoIAxAAGIAEGKIEMgoIBBAAGIAEGKIEMgoIBRAAGIAEGKIE0gEHNTgwajBqOagCALACAQ&amp;sourceid=chrome&amp;ie=UTF-8\">Su pompas\u0131 en fazla ka\u00e7 metreden su \u00e7eker?<\/a><\/strong><br \/>\nMaksimum 6 metre kadar derin olan kuyulardan su \u00e7\u0131kar\u0131l\u0131r. Bu pompa genelde k\u00fc\u00e7\u00fck tarla alanlar\u0131n\u0131 kullanmak i\u00e7in kullan\u0131l\u0131r. 6 metre ila 10 metre aras\u0131nda olan kuyularda genelde Jet pompa kullan\u0131l\u0131r. Daha orta \u00f6l\u00e7ekli kuyularda kullan\u0131m\u0131 tercih edilir.<\/p>\n","protected":false},"featured_media":523,"template":"","meta":[],"product_brand":[],"product_cat":[31],"product_tag":[],"class_list":{"0":"post-521","1":"product","2":"type-product","3":"status-publish","4":"has-post-thumbnail","6":"product_cat-ikinci-el-is-makineleri","8":"first","9":"instock","10":"sale","11":"shipping-taxable","12":"purchasable","13":"product-type-simple"},"_links":{"self":[{"href":"https:\/\/ucuzspotcu.com\/cikma\/wp-json\/wp\/v2\/product\/521","targetHints":{"allow":["GET"]}}],"collection":[{"href":"https:\/\/ucuzspotcu.com\/cikma\/wp-json\/wp\/v2\/product"}],"about":[{"href":"https:\/\/ucuzspotcu.com\/cikma\/wp-json\/wp\/v2\/types\/product"}],"wp:featuredmedia":[{"embeddable":true,"href":"https:\/\/ucuzspotcu.com\/cikma\/wp-json\/wp\/v2\/media\/523"}],"wp:attachment":[{"href":"https:\/\/ucuzspotcu.com\/cikma\/wp-json\/wp\/v2\/media?parent=521"}],"wp:term":[{"taxonomy":"product_brand","embeddable":true,"href":"https:\/\/ucuzspotcu.com\/cikma\/wp-json\/wp\/v2\/product_brand?post=521"},{"taxonomy":"product_cat","embeddable":true,"href":"https:\/\/ucuzspotcu.com\/cikma\/wp-json\/wp\/v2\/product_cat?post=521"},{"taxonomy":"product_tag","embeddable":true,"href":"https:\/\/ucuzspotcu.com\/cikma\/wp-json\/wp\/v2\/product_tag?post=521"}],"curies":[{"name":"wp","href":"https:\/\/api.w.org\/{rel}","templated":true}]}}