{"id":511,"date":"2024-10-05T13:56:51","date_gmt":"2024-10-05T10:56:51","guid":{"rendered":"https:\/\/ucuzspotcu.com\/cikma\/?post_type=product&#038;p=511"},"modified":"2024-10-05T13:56:51","modified_gmt":"2024-10-05T10:56:51","slug":"spot-insaat-civisi-her-turlu-olcu-halinde-satilik-toptan-civi","status":"publish","type":"product","link":"https:\/\/ucuzspotcu.com\/cikma\/urun\/spot-insaat-civisi-her-turlu-olcu-halinde-satilik-toptan-civi\/","title":{"rendered":"Spot in\u015faat \u00e7ivisi her t\u00fcrl\u00fc \u00f6l\u00e7\u00fc halinde sat\u0131l\u0131k toptan \u00e7ivi"},"content":{"rendered":"<p><strong>Beton \u00e7ivisi ne demek?<\/strong><br \/>\nBeton \u00e7ivisi; beton, tu\u011fla ve di\u011fer sert zeminlerde nesneleri sabitlemek i\u00e7in kullan\u0131l\u0131r. Bu \u00e7iviler, genellikle a\u011f\u0131r y\u00fckleri ta\u015f\u0131mak i\u00e7in tasarlanm\u0131\u015flard\u0131r ve daha zorlu yap\u0131sal projelerde veya beton d\u00f6\u015femelerde s\u0131kl\u0131kla tercih edilirler.<\/p>\n","protected":false},"excerpt":{"rendered":"<p>Spot in\u015faat \u00e7ivisi H\u0131rdavat &amp; Nalburiye spot in\u015faat \u00e7ivisi AKDENIZ.SENCO TABANCA \u00c7\u0130V\u0130S\u0130 \u00c7ivi \u00c7e\u015fitleri ve Modelleri Uygun Fiyat ve H\u0131zl\u0131 Kargo in\u015faat \u00e7ivisi \u0130n\u015faat \u00c7ivisi \u00c7ivi 1 kg in\u015faat \u00e7ivisi ka\u00e7 TL?<br \/>\n25 kg in\u015faat \u00e7ivisi ka\u00e7 adet olur?<br \/>\n<strong><a href=\"https:\/\/www.google.com\/search?q=10%27luk+%C3%A7ivinin+kilosu+ka%C3%A7+TL%3F&amp;rlz=1C1CHZN_trTR1057TR1057&amp;oq=10%27luk+%C3%A7ivinin+kilosu+ka%C3%A7+TL%3F&amp;gs_lcrp=EgZjaHJvbWUyBggAEEUYOTIICAEQABgWGB4yCggCEAAYgAQYogQyCggDEAAYgAQYogTSAQc2MjVqMGo5qAIAsAIB&amp;sourceid=chrome&amp;ie=UTF-8\">10&#8217;luk \u00e7ivinin kilosu ka\u00e7 TL?<\/a><\/strong><br \/>\n6&#8217;luk \u00e7ivinin kilosu ka\u00e7 TL?<br \/>\nFischer Dfn 25 mm 1008 Adet \u00c7ivi + Fc 165 Gaz T\u00fcp\u00fc. 1.300 TL ; Hilti gx 120 \u00e7ivi ve gaz. 1.350 TL ; Toptan \u00e7ivi. 25 TL ; \u00c7elik beton<\/p>\n","protected":false},"featured_media":513,"template":"","meta":[],"product_brand":[],"product_cat":[33],"product_tag":[],"class_list":{"0":"post-511","1":"product","2":"type-product","3":"status-publish","4":"has-post-thumbnail","6":"product_cat-spot-defolu-esya","8":"first","9":"instock","10":"sale","11":"shipping-taxable","12":"purchasable","13":"product-type-simple"},"_links":{"self":[{"href":"https:\/\/ucuzspotcu.com\/cikma\/wp-json\/wp\/v2\/product\/511","targetHints":{"allow":["GET"]}}],"collection":[{"href":"https:\/\/ucuzspotcu.com\/cikma\/wp-json\/wp\/v2\/product"}],"about":[{"href":"https:\/\/ucuzspotcu.com\/cikma\/wp-json\/wp\/v2\/types\/product"}],"wp:featuredmedia":[{"embeddable":true,"href":"https:\/\/ucuzspotcu.com\/cikma\/wp-json\/wp\/v2\/media\/513"}],"wp:attachment":[{"href":"https:\/\/ucuzspotcu.com\/cikma\/wp-json\/wp\/v2\/media?parent=511"}],"wp:term":[{"taxonomy":"product_brand","embeddable":true,"href":"https:\/\/ucuzspotcu.com\/cikma\/wp-json\/wp\/v2\/product_brand?post=511"},{"taxonomy":"product_cat","embeddable":true,"href":"https:\/\/ucuzspotcu.com\/cikma\/wp-json\/wp\/v2\/product_cat?post=511"},{"taxonomy":"product_tag","embeddable":true,"href":"https:\/\/ucuzspotcu.com\/cikma\/wp-json\/wp\/v2\/product_tag?post=511"}],"curies":[{"name":"wp","href":"https:\/\/api.w.org\/{rel}","templated":true}]}}