{"id":474,"date":"2024-07-26T09:47:50","date_gmt":"2024-07-26T06:47:50","guid":{"rendered":"https:\/\/ucuzspotcu.com\/cikma\/?post_type=product&#038;p=474"},"modified":"2024-07-26T09:47:50","modified_gmt":"2024-07-26T06:47:50","slug":"ikinci-el-arcelik-portatif-klima-9500-tl-sifir-gibi-yeni-durumda-karavan-klimasi","status":"publish","type":"product","link":"https:\/\/ucuzspotcu.com\/cikma\/urun\/ikinci-el-arcelik-portatif-klima-9500-tl-sifir-gibi-yeni-durumda-karavan-klimasi\/","title":{"rendered":"\u0130kinci el ar\u00e7elik portatif klima 9500 TL s\u0131f\u0131r gibi yeni durumda (karavan klimas\u0131)"},"content":{"rendered":"<p><img loading=\"lazy\" decoding=\"async\" src=\"https:\/\/ucuzspotcu.com\/cikma\/wp-content\/uploads\/2024\/07\/Ikinci-el-arcelik-portatif-klima-3.png\" alt=\"\" width=\"848\" height=\"636\" class=\"aligncenter size-full wp-image-475\" title=\"\" srcset=\"https:\/\/ucuzspotcu.com\/cikma\/wp-content\/uploads\/2024\/07\/Ikinci-el-arcelik-portatif-klima-3.png 848w, https:\/\/ucuzspotcu.com\/cikma\/wp-content\/uploads\/2024\/07\/Ikinci-el-arcelik-portatif-klima-3-300x225.png 300w, https:\/\/ucuzspotcu.com\/cikma\/wp-content\/uploads\/2024\/07\/Ikinci-el-arcelik-portatif-klima-3-768x576.png 768w, https:\/\/ucuzspotcu.com\/cikma\/wp-content\/uploads\/2024\/07\/Ikinci-el-arcelik-portatif-klima-3-160x120.png 160w, https:\/\/ucuzspotcu.com\/cikma\/wp-content\/uploads\/2024\/07\/Ikinci-el-arcelik-portatif-klima-3-600x450.png 600w\" sizes=\"auto, (max-width: 848px) 100vw, 848px\" \/><\/p>\n<p><img loading=\"lazy\" decoding=\"async\" src=\"https:\/\/ucuzspotcu.com\/cikma\/wp-content\/uploads\/2024\/07\/Ikinci-el-arcelik-portatif-klima-1.png\" alt=\"\" width=\"849\" height=\"637\" class=\"aligncenter size-full wp-image-476\" title=\"\" srcset=\"https:\/\/ucuzspotcu.com\/cikma\/wp-content\/uploads\/2024\/07\/Ikinci-el-arcelik-portatif-klima-1.png 849w, https:\/\/ucuzspotcu.com\/cikma\/wp-content\/uploads\/2024\/07\/Ikinci-el-arcelik-portatif-klima-1-300x225.png 300w, https:\/\/ucuzspotcu.com\/cikma\/wp-content\/uploads\/2024\/07\/Ikinci-el-arcelik-portatif-klima-1-768x576.png 768w, https:\/\/ucuzspotcu.com\/cikma\/wp-content\/uploads\/2024\/07\/Ikinci-el-arcelik-portatif-klima-1-160x120.png 160w, https:\/\/ucuzspotcu.com\/cikma\/wp-content\/uploads\/2024\/07\/Ikinci-el-arcelik-portatif-klima-1-600x450.png 600w\" sizes=\"auto, (max-width: 849px) 100vw, 849px\" \/><\/p>\n<p><img loading=\"lazy\" decoding=\"async\" src=\"https:\/\/ucuzspotcu.com\/cikma\/wp-content\/uploads\/2024\/07\/Ikinci-el-arcelik-portatif-klima-2.png\" alt=\"\" width=\"850\" height=\"630\" class=\"aligncenter size-full wp-image-477\" title=\"\" srcset=\"https:\/\/ucuzspotcu.com\/cikma\/wp-content\/uploads\/2024\/07\/Ikinci-el-arcelik-portatif-klima-2.png 850w, https:\/\/ucuzspotcu.com\/cikma\/wp-content\/uploads\/2024\/07\/Ikinci-el-arcelik-portatif-klima-2-300x222.png 300w, https:\/\/ucuzspotcu.com\/cikma\/wp-content\/uploads\/2024\/07\/Ikinci-el-arcelik-portatif-klima-2-768x569.png 768w, https:\/\/ucuzspotcu.com\/cikma\/wp-content\/uploads\/2024\/07\/Ikinci-el-arcelik-portatif-klima-2-160x120.png 160w, https:\/\/ucuzspotcu.com\/cikma\/wp-content\/uploads\/2024\/07\/Ikinci-el-arcelik-portatif-klima-2-600x445.png 600w\" sizes=\"auto, (max-width: 850px) 100vw, 850px\" \/><\/p>\n","protected":false},"excerpt":{"rendered":"<p>\u0130kinci el ar\u00e7elik portatif klima \u0130kinci El ve S\u0131f\u0131r Al\u0131\u015fveri\u015f Ar\u00e7elik 12220 P 11680 Btu\/h Mobil Portatif Klima Beyaz Emlak Vas\u0131ta Yedek Par\u00e7a, Aksesuar, Donan\u0131m Ar\u00e7elik klima 18 lik fiyat\u0131 ne kadar?<br \/>\n24 l\u00fck Ar\u00e7elik klima ka\u00e7 TL?<br \/>\nAr\u00e7elik klima 15 lik fiyat\u0131 ne kadar?<br \/>\n Ar\u00e7elik portatif klima 12000 lik Di\u011fer ikinci el elektronik \u00fcr\u00fcnleri farkl\u0131 marka ve model Ar\u00e7elik portatif klima<\/p>\n","protected":false},"featured_media":476,"template":"","meta":[],"product_brand":[],"product_cat":[30],"product_tag":[],"class_list":{"0":"post-474","1":"product","2":"type-product","3":"status-publish","4":"has-post-thumbnail","6":"product_cat-ikinci-el-beyaz-esya","8":"first","9":"instock","10":"sale","11":"shipping-taxable","12":"purchasable","13":"product-type-simple"},"_links":{"self":[{"href":"https:\/\/ucuzspotcu.com\/cikma\/wp-json\/wp\/v2\/product\/474","targetHints":{"allow":["GET"]}}],"collection":[{"href":"https:\/\/ucuzspotcu.com\/cikma\/wp-json\/wp\/v2\/product"}],"about":[{"href":"https:\/\/ucuzspotcu.com\/cikma\/wp-json\/wp\/v2\/types\/product"}],"wp:featuredmedia":[{"embeddable":true,"href":"https:\/\/ucuzspotcu.com\/cikma\/wp-json\/wp\/v2\/media\/476"}],"wp:attachment":[{"href":"https:\/\/ucuzspotcu.com\/cikma\/wp-json\/wp\/v2\/media?parent=474"}],"wp:term":[{"taxonomy":"product_brand","embeddable":true,"href":"https:\/\/ucuzspotcu.com\/cikma\/wp-json\/wp\/v2\/product_brand?post=474"},{"taxonomy":"product_cat","embeddable":true,"href":"https:\/\/ucuzspotcu.com\/cikma\/wp-json\/wp\/v2\/product_cat?post=474"},{"taxonomy":"product_tag","embeddable":true,"href":"https:\/\/ucuzspotcu.com\/cikma\/wp-json\/wp\/v2\/product_tag?post=474"}],"curies":[{"name":"wp","href":"https:\/\/api.w.org\/{rel}","templated":true}]}}

İkinci el arçelik portatif klima 9500 TL sıfır gibi yeni durumda (karavan kliması)

<p>İkinci el arçelik portatif klima İkinci El ve Sıfır Alışveriş Arçelik 12220 P 11680 Btu/h Mobil Portatif Klima Beyaz Emlak Vasıta Yedek Parça, Aksesuar, Donanım Arçelik klima 18 lik fiyatı ne kadar?<br />
24 lük Arçelik klima kaç TL?<br />
Arçelik klima 15 lik fiyatı ne kadar?<br />
 Arçelik portatif klima 12000 lik Diğer ikinci el elektronik ürünleri farklı marka ve model Arçelik portatif klima</p>
