{"id":445,"date":"2024-06-24T09:13:20","date_gmt":"2024-06-24T06:13:20","guid":{"rendered":"https:\/\/ucuzspotcu.com\/cikma\/?post_type=product&#038;p=445"},"modified":"2024-06-24T09:13:20","modified_gmt":"2024-06-24T06:13:20","slug":"cikma-karavan-buzdolabi-henuz-2-aylik-arac-tekne-mini-buzdolabi","status":"publish","type":"product","link":"https:\/\/ucuzspotcu.com\/cikma\/urun\/cikma-karavan-buzdolabi-henuz-2-aylik-arac-tekne-mini-buzdolabi\/","title":{"rendered":"\u00c7\u0131kma karavan buzdolab\u0131 hen\u00fcz 2 ayl\u0131k ara\u00e7 tekne mini buzdolab\u0131"},"content":{"rendered":"<p><img loading=\"lazy\" decoding=\"async\" src=\"https:\/\/ucuzspotcu.com\/cikma\/wp-content\/uploads\/2024\/06\/Cikma-karavan-buzdolabi-2.png\" alt=\"\" width=\"746\" height=\"612\" class=\"aligncenter size-full wp-image-446\" title=\"\" srcset=\"https:\/\/ucuzspotcu.com\/cikma\/wp-content\/uploads\/2024\/06\/Cikma-karavan-buzdolabi-2.png 746w, https:\/\/ucuzspotcu.com\/cikma\/wp-content\/uploads\/2024\/06\/Cikma-karavan-buzdolabi-2-300x246.png 300w, https:\/\/ucuzspotcu.com\/cikma\/wp-content\/uploads\/2024\/06\/Cikma-karavan-buzdolabi-2-600x492.png 600w\" sizes=\"auto, (max-width: 746px) 100vw, 746px\" \/><\/p>\n<p><img loading=\"lazy\" decoding=\"async\" src=\"https:\/\/ucuzspotcu.com\/cikma\/wp-content\/uploads\/2024\/06\/Cikma-karavan-buzdolabi-1.png\" alt=\"\" width=\"731\" height=\"637\" class=\"aligncenter size-full wp-image-447\" title=\"\" srcset=\"https:\/\/ucuzspotcu.com\/cikma\/wp-content\/uploads\/2024\/06\/Cikma-karavan-buzdolabi-1.png 731w, https:\/\/ucuzspotcu.com\/cikma\/wp-content\/uploads\/2024\/06\/Cikma-karavan-buzdolabi-1-300x261.png 300w, https:\/\/ucuzspotcu.com\/cikma\/wp-content\/uploads\/2024\/06\/Cikma-karavan-buzdolabi-1-600x523.png 600w\" sizes=\"auto, (max-width: 731px) 100vw, 731px\" \/><\/p>\n","protected":false},"excerpt":{"rendered":"<p>\u00c7\u0131kma karavan buzdolab\u0131 M\u00fcstakil kap\u0131l\u0131 20 litrelik derin dondurucu ve i\u00e7 ayd\u0131nlatmal\u0131 70 litrelik buzdolab\u0131 kapasitesiyle ger\u00e7ekten m\u00fckemmel olarak tasarlanm\u0131\u015f bir \u00fcr\u00fcnd\u00fcr.<br \/>\nY\u00fckseklik: 850 mm<br \/>\nGeni\u015flik: 475 mm<br \/>\nDerinlik: 460 mm<br \/>\nA\u011f\u0131rl\u0131k: 30 Kg<br \/>\nEnerji: 12\/24V<br \/>\n\u00c7al\u0131\u015fma G\u00fcc\u00fc: 60 W<br \/>\nT\u00fcketim: 35 W\/h<br \/>\nMontaj T\u00fcr\u00fc: Ankastre<br \/>\nHacim: 70+20 L<br \/>\nRenk: Koyu Gri<br \/>\nKompres\u00f6r:<\/p>\n","protected":false},"featured_media":447,"template":"","meta":[],"product_brand":[],"product_cat":[30],"product_tag":[37],"class_list":{"0":"post-445","1":"product","2":"type-product","3":"status-publish","4":"has-post-thumbnail","6":"product_cat-ikinci-el-beyaz-esya","7":"product_tag-ikinci-el-buzdolabi","9":"first","10":"instock","11":"sale","12":"shipping-taxable","13":"purchasable","14":"product-type-simple"},"_links":{"self":[{"href":"https:\/\/ucuzspotcu.com\/cikma\/wp-json\/wp\/v2\/product\/445","targetHints":{"allow":["GET"]}}],"collection":[{"href":"https:\/\/ucuzspotcu.com\/cikma\/wp-json\/wp\/v2\/product"}],"about":[{"href":"https:\/\/ucuzspotcu.com\/cikma\/wp-json\/wp\/v2\/types\/product"}],"wp:featuredmedia":[{"embeddable":true,"href":"https:\/\/ucuzspotcu.com\/cikma\/wp-json\/wp\/v2\/media\/447"}],"wp:attachment":[{"href":"https:\/\/ucuzspotcu.com\/cikma\/wp-json\/wp\/v2\/media?parent=445"}],"wp:term":[{"taxonomy":"product_brand","embeddable":true,"href":"https:\/\/ucuzspotcu.com\/cikma\/wp-json\/wp\/v2\/product_brand?post=445"},{"taxonomy":"product_cat","embeddable":true,"href":"https:\/\/ucuzspotcu.com\/cikma\/wp-json\/wp\/v2\/product_cat?post=445"},{"taxonomy":"product_tag","embeddable":true,"href":"https:\/\/ucuzspotcu.com\/cikma\/wp-json\/wp\/v2\/product_tag?post=445"}],"curies":[{"name":"wp","href":"https:\/\/api.w.org\/{rel}","templated":true}]}}