{"id":423,"date":"2024-06-11T09:37:08","date_gmt":"2024-06-11T06:37:08","guid":{"rendered":"https:\/\/ucuzspotcu.com\/cikma\/?post_type=product&#038;p=423"},"modified":"2024-06-11T09:37:08","modified_gmt":"2024-06-11T06:37:08","slug":"ikea-karyola-ve-yatak-3500-tl","status":"publish","type":"product","link":"https:\/\/ucuzspotcu.com\/cikma\/urun\/ikea-karyola-ve-yatak-3500-tl\/","title":{"rendered":"\u0130kea Karyola ve Yatak 3500 TL"},"content":{"rendered":"<div id=\"attachment_424\" style=\"width: 955px\" class=\"wp-caption aligncenter\"><img loading=\"lazy\" decoding=\"async\" aria-describedby=\"caption-attachment-424\" class=\"wp-image-424 size-full\" title=\"\u0130kea Karyola ve Yatak\" src=\"https:\/\/ucuzspotcu.com\/cikma\/wp-content\/uploads\/2024\/06\/Ikea-Karyola-ve-Yatak-3.png\" alt=\"\" width=\"945\" height=\"633\" srcset=\"https:\/\/ucuzspotcu.com\/cikma\/wp-content\/uploads\/2024\/06\/Ikea-Karyola-ve-Yatak-3.png 945w, https:\/\/ucuzspotcu.com\/cikma\/wp-content\/uploads\/2024\/06\/Ikea-Karyola-ve-Yatak-3-300x201.png 300w, https:\/\/ucuzspotcu.com\/cikma\/wp-content\/uploads\/2024\/06\/Ikea-Karyola-ve-Yatak-3-768x514.png 768w, https:\/\/ucuzspotcu.com\/cikma\/wp-content\/uploads\/2024\/06\/Ikea-Karyola-ve-Yatak-3-600x402.png 600w\" sizes=\"auto, (max-width: 945px) 100vw, 945px\" \/><p id=\"caption-attachment-424\" class=\"wp-caption-text\">\u0130kea Karyola ve Yatak<\/p><\/div>\n<p>\u0130kea Karyola ve Yatak<\/p>\n<p><img loading=\"lazy\" decoding=\"async\" class=\"aligncenter size-full wp-image-425\" src=\"https:\/\/ucuzspotcu.com\/cikma\/wp-content\/uploads\/2024\/06\/Ikea-Karyola-ve-Yatak-1.png\" alt=\"\" width=\"710\" height=\"629\" title=\"\" srcset=\"https:\/\/ucuzspotcu.com\/cikma\/wp-content\/uploads\/2024\/06\/Ikea-Karyola-ve-Yatak-1.png 710w, https:\/\/ucuzspotcu.com\/cikma\/wp-content\/uploads\/2024\/06\/Ikea-Karyola-ve-Yatak-1-300x266.png 300w, https:\/\/ucuzspotcu.com\/cikma\/wp-content\/uploads\/2024\/06\/Ikea-Karyola-ve-Yatak-1-600x532.png 600w\" sizes=\"auto, (max-width: 710px) 100vw, 710px\" \/> <img loading=\"lazy\" decoding=\"async\" class=\"aligncenter size-full wp-image-426\" src=\"https:\/\/ucuzspotcu.com\/cikma\/wp-content\/uploads\/2024\/06\/Ikea-Karyola-ve-Yatak-2.png\" alt=\"\" width=\"946\" height=\"632\" title=\"\" srcset=\"https:\/\/ucuzspotcu.com\/cikma\/wp-content\/uploads\/2024\/06\/Ikea-Karyola-ve-Yatak-2.png 946w, https:\/\/ucuzspotcu.com\/cikma\/wp-content\/uploads\/2024\/06\/Ikea-Karyola-ve-Yatak-2-300x200.png 300w, https:\/\/ucuzspotcu.com\/cikma\/wp-content\/uploads\/2024\/06\/Ikea-Karyola-ve-Yatak-2-768x513.png 768w, https:\/\/ucuzspotcu.com\/cikma\/wp-content\/uploads\/2024\/06\/Ikea-Karyola-ve-Yatak-2-600x401.png 600w\" sizes=\"auto, (max-width: 946px) 100vw, 946px\" \/><\/p>\n","protected":false},"excerpt":{"rendered":"<p><strong>\u0130kea Karyola ve Yatak <em>El \u0131kea<\/em>\u00a0\u00e7ift ki\u015filik\u00a0<em>karyola<\/em>. 140x200cm<\/strong> ebatlar\u0131nda beyaz\u00a0<em>karyola<\/em>. y<em>atak<\/em>\u00a0odas\u0131. A\u00e7\u0131klama. A\u00e7\u0131klama. Karyola m\u0131 daha iyi baza m\u0131?<br \/>\nAh\u015fap karyola dayan\u0131kl\u0131 m\u0131? Karyolal\u0131 baza nedir? Yatak odas\u0131n\u0131n dekorunu tamamlayan ba\u015fl\u0131k k\u0131sm\u0131 ise genellikle karyolan\u0131n en dikkat \u00e7ekici ve Karyola seti nedir? 2.\u00a0<em>El \u0131kea<\/em>\u00a0\u00e7ift ki\u015filik\u00a0<em>karyola<\/em> IKEA MINNEN\/LINDBADEN Karyola &#8211; Ikea Karyola &amp; Yatak<\/p>\n","protected":false},"featured_media":426,"template":"","meta":[],"product_brand":[],"product_cat":[32],"product_tag":[36],"class_list":{"0":"post-423","1":"product","2":"type-product","3":"status-publish","4":"has-post-thumbnail","6":"product_cat-ikinci-el-mobilya","7":"product_tag-ikinci-el-baza-yatak","9":"first","10":"instock","11":"sale","12":"shipping-taxable","13":"purchasable","14":"product-type-simple"},"_links":{"self":[{"href":"https:\/\/ucuzspotcu.com\/cikma\/wp-json\/wp\/v2\/product\/423","targetHints":{"allow":["GET"]}}],"collection":[{"href":"https:\/\/ucuzspotcu.com\/cikma\/wp-json\/wp\/v2\/product"}],"about":[{"href":"https:\/\/ucuzspotcu.com\/cikma\/wp-json\/wp\/v2\/types\/product"}],"wp:featuredmedia":[{"embeddable":true,"href":"https:\/\/ucuzspotcu.com\/cikma\/wp-json\/wp\/v2\/media\/426"}],"wp:attachment":[{"href":"https:\/\/ucuzspotcu.com\/cikma\/wp-json\/wp\/v2\/media?parent=423"}],"wp:term":[{"taxonomy":"product_brand","embeddable":true,"href":"https:\/\/ucuzspotcu.com\/cikma\/wp-json\/wp\/v2\/product_brand?post=423"},{"taxonomy":"product_cat","embeddable":true,"href":"https:\/\/ucuzspotcu.com\/cikma\/wp-json\/wp\/v2\/product_cat?post=423"},{"taxonomy":"product_tag","embeddable":true,"href":"https:\/\/ucuzspotcu.com\/cikma\/wp-json\/wp\/v2\/product_tag?post=423"}],"curies":[{"name":"wp","href":"https:\/\/api.w.org\/{rel}","templated":true}]}}